{"id":3753,"date":"2025-04-23T01:55:35","date_gmt":"2025-04-22T23:55:35","guid":{"rendered":"https:\/\/smus-cyclo.fr\/?page_id=3753"},"modified":"2026-04-14T10:17:50","modified_gmt":"2026-04-14T08:17:50","slug":"accueil","status":"publish","type":"page","link":"https:\/\/smus-cyclo.fr\/","title":{"rendered":"Accueil"},"content":{"rendered":"\t\t<div data-elementor-type=\"wp-post\" data-elementor-id=\"3753\" class=\"elementor elementor-3753\">\n\t\t\t\t<div class=\"elementor-element elementor-element-d1adce1 e-con-full e-flex e-con e-parent\" data-id=\"d1adce1\" data-element_type=\"container\" data-settings=\"{&quot;background_background&quot;:&quot;classic&quot;}\">\n\t\t<div class=\"elementor-element elementor-element-525f105 e-con-full e-flex e-con e-child\" data-id=\"525f105\" data-element_type=\"container\">\n\t\t\t\t<div class=\"elementor-element elementor-element-1783b32 elementor-widget elementor-widget-image\" data-id=\"1783b32\" data-element_type=\"widget\" data-widget_type=\"image.default\">\n\t\t\t\t<div class=\"elementor-widget-container\">\n\t\t\t\t\t\t\t\t\t\t\t\t\t\t\t<img decoding=\"async\" width=\"150\" height=\"150\" src=\"https:\/\/smus-cyclo.fr\/wp-content\/uploads\/2025\/04\/logo20250128-2-150x150.png\" class=\"attachment-thumbnail size-thumbnail wp-image-3770\" alt=\"\" srcset=\"https:\/\/smus-cyclo.fr\/wp-content\/uploads\/2025\/04\/logo20250128-2-150x150.png 150w, https:\/\/smus-cyclo.fr\/wp-content\/uploads\/2025\/04\/logo20250128-2-300x300.png 300w, https:\/\/smus-cyclo.fr\/wp-content\/uploads\/2025\/04\/logo20250128-2-1024x1024.png 1024w, https:\/\/smus-cyclo.fr\/wp-content\/uploads\/2025\/04\/logo20250128-2-768x768.png 768w, https:\/\/smus-cyclo.fr\/wp-content\/uploads\/2025\/04\/logo20250128-2-1536x1536.png 1536w, https:\/\/smus-cyclo.fr\/wp-content\/uploads\/2025\/04\/logo20250128-2-2048x2048.png 2048w, https:\/\/smus-cyclo.fr\/wp-content\/uploads\/2025\/04\/logo20250128-2-600x600.png 600w\" sizes=\"(max-width: 150px) 100vw, 150px\" \/>\t\t\t\t\t\t\t\t\t\t\t\t\t\t\t<\/div>\n\t\t\t\t<\/div>\n\t\t\t\t<\/div>\n\t\t<div class=\"elementor-element elementor-element-15056aa e-con-full e-flex e-con e-child\" data-id=\"15056aa\" data-element_type=\"container\">\n\t\t\t\t<div class=\"elementor-element elementor-element-6e5549d elementor-widget elementor-widget-heading\" data-id=\"6e5549d\" data-element_type=\"widget\" data-widget_type=\"heading.default\">\n\t\t\t\t<div class=\"elementor-widget-container\">\n\t\t\t\t\t<h2 class=\"elementor-heading-title elementor-size-default\">Saint-Maur Union Sports<\/h2>\t\t\t\t<\/div>\n\t\t\t\t<\/div>\n\t\t\t\t<div class=\"elementor-element elementor-element-f77544d elementor-widget__width-initial elementor-widget elementor-widget-heading\" data-id=\"f77544d\" data-element_type=\"widget\" data-widget_type=\"heading.default\">\n\t\t\t\t<div class=\"elementor-widget-container\">\n\t\t\t\t\t<h2 class=\"elementor-heading-title elementor-size-default\">Section Cyclotourisme<\/h2>\t\t\t\t<\/div>\n\t\t\t\t<\/div>\n\t\t\t\t<\/div>\n\t\t\t\t<\/div>\n\t\t<div class=\"elementor-element elementor-element-b5b963a e-flex e-con-boxed e-con e-parent\" data-id=\"b5b963a\" data-element_type=\"container\">\n\t\t\t\t\t<div class=\"e-con-inner\">\n\t\t\t\t<div class=\"elementor-element elementor-element-003aaa8 elementor-widget elementor-widget-heading\" data-id=\"003aaa8\" data-element_type=\"widget\" data-widget_type=\"heading.default\">\n\t\t\t\t<div class=\"elementor-widget-container\">\n\t\t\t\t\t<h2 class=\"elementor-heading-title elementor-size-default\">Actualit\u00e9<\/h2>\t\t\t\t<\/div>\n\t\t\t\t<\/div>\n\t\t<div class=\"elementor-element elementor-element-5cc0937 e-con-full e-flex e-con e-child\" data-id=\"5cc0937\" data-element_type=\"container\">\n\t\t\t\t<div class=\"elementor-element elementor-element-f3da8d1 elementor-widget elementor-widget-text-editor\" data-id=\"f3da8d1\" data-element_type=\"widget\" data-widget_type=\"text-editor.default\">\n\t\t\t\t<div class=\"elementor-widget-container\">\n\t\t\t\t\t\t\t\t\t<h2><span style=\"color: #339966;\">Le programme du mois <a style=\"color: #339966;\" href=\"https:\/\/smus-cyclo.fr\/index.php\/programme-du-mois\/\">ici<\/a>.<\/span><\/h2>\t\t\t\t\t\t\t\t<\/div>\n\t\t\t\t<\/div>\n\t\t\t\t<\/div>\n\t\t<div class=\"elementor-element elementor-element-1bb307a e-con-full e-flex e-con e-child\" data-id=\"1bb307a\" data-element_type=\"container\">\n\t\t\t\t<div class=\"elementor-element elementor-element-0d18972 elementor-widget elementor-widget-text-editor\" data-id=\"0d18972\" data-element_type=\"widget\" data-widget_type=\"text-editor.default\">\n\t\t\t\t<div class=\"elementor-widget-container\">\n\t\t\t\t\t\t\t\t\t<h2><span style=\"color: #0000ff;\">Cette ann\u00e9e nous organiserons notre \u00e9v\u00e9nement, \u00ab\u00a0Les randonn\u00e9es du Grand Bi\u00a0\u00bb, le dimanche 8 mars 2026.<\/span><br \/><span style=\"color: #0000ff;\">Plus d&rsquo;infos <a href=\"https:\/\/smus-cyclo.fr\/index.php\/grand-bi-2026\/\">ici<\/a>.<\/span><\/h2>\t\t\t\t\t\t\t\t<\/div>\n\t\t\t\t<\/div>\n\t\t\t\t<\/div>\n\t\t\t\t<div class=\"elementor-element elementor-element-cdbee03 elementor-widget elementor-widget-text-editor\" data-id=\"cdbee03\" data-element_type=\"widget\" data-widget_type=\"text-editor.default\">\n\t\t\t\t<div class=\"elementor-widget-container\">\n\t\t\t\t\t\t\t\t\t<h2>\u00a0<a href=\"https:\/\/smus-cyclo.fr\/index.php\/2025\/04\/22\/retour-sur-le-grand-bi-2025\/\">Retour sur les randonn\u00e9es du Grand-Bi 2025\u00a0 : <span style=\"color: #0000ff;\">ici<\/span><\/a><\/h2>\t\t\t\t\t\t\t\t<\/div>\n\t\t\t\t<\/div>\n\t\t\t\t\t<\/div>\n\t\t\t\t<\/div>\n\t\t<div class=\"elementor-element elementor-element-5fbc709 e-flex e-con-boxed e-con e-parent\" data-id=\"5fbc709\" data-element_type=\"container\">\n\t\t\t\t\t<div class=\"e-con-inner\">\n\t\t<div class=\"elementor-element elementor-element-cc25edb e-con-full e-flex e-con e-child\" data-id=\"cc25edb\" data-element_type=\"container\">\n\t\t\t\t<div class=\"elementor-element elementor-element-cb81577 elementor-widget__width-inherit elementor-position-top elementor-invisible elementor-widget elementor-widget-image-box\" data-id=\"cb81577\" data-element_type=\"widget\" data-settings=\"{&quot;_animation&quot;:&quot;fadeIn&quot;}\" data-widget_type=\"image-box.default\">\n\t\t\t\t<div class=\"elementor-widget-container\">\n\t\t\t\t\t<div class=\"elementor-image-box-wrapper\"><figure class=\"elementor-image-box-img\"><a href=\"https:\/\/smus-cyclo.fr\/index.php\/les-sorties-club\/\" tabindex=\"-1\"><img fetchpriority=\"high\" decoding=\"async\" width=\"2269\" height=\"2268\" src=\"https:\/\/smus-cyclo.fr\/wp-content\/uploads\/2024\/05\/20220508_113048-EDIT.jpg\" class=\"attachment-full size-full wp-image-1761\" alt=\"\" srcset=\"https:\/\/smus-cyclo.fr\/wp-content\/uploads\/2024\/05\/20220508_113048-EDIT.jpg 2269w, https:\/\/smus-cyclo.fr\/wp-content\/uploads\/2024\/05\/20220508_113048-EDIT-300x300.jpg 300w, https:\/\/smus-cyclo.fr\/wp-content\/uploads\/2024\/05\/20220508_113048-EDIT-1024x1024.jpg 1024w, https:\/\/smus-cyclo.fr\/wp-content\/uploads\/2024\/05\/20220508_113048-EDIT-150x150.jpg 150w, https:\/\/smus-cyclo.fr\/wp-content\/uploads\/2024\/05\/20220508_113048-EDIT-768x768.jpg 768w, https:\/\/smus-cyclo.fr\/wp-content\/uploads\/2024\/05\/20220508_113048-EDIT-1536x1536.jpg 1536w, https:\/\/smus-cyclo.fr\/wp-content\/uploads\/2024\/05\/20220508_113048-EDIT-2048x2048.jpg 2048w, https:\/\/smus-cyclo.fr\/wp-content\/uploads\/2024\/05\/20220508_113048-EDIT-600x600.jpg 600w\" sizes=\"(max-width: 2269px) 100vw, 2269px\" \/><\/a><\/figure><div class=\"elementor-image-box-content\"><h3 class=\"elementor-image-box-title\"><a href=\"https:\/\/smus-cyclo.fr\/index.php\/les-sorties-club\/\">Les sorties Club<\/a><\/h3><\/div><\/div>\t\t\t\t<\/div>\n\t\t\t\t<\/div>\n\t\t\t\t<\/div>\n\t\t<div class=\"elementor-element elementor-element-f092e2c e-con-full e-flex e-con e-child\" data-id=\"f092e2c\" data-element_type=\"container\">\n\t\t\t\t<div class=\"elementor-element elementor-element-80f742a elementor-widget__width-inherit elementor-position-top elementor-invisible elementor-widget elementor-widget-image-box\" data-id=\"80f742a\" data-element_type=\"widget\" data-settings=\"{&quot;_animation&quot;:&quot;fadeIn&quot;}\" data-widget_type=\"image-box.default\">\n\t\t\t\t<div class=\"elementor-widget-container\">\n\t\t\t\t\t<div class=\"elementor-image-box-wrapper\"><figure class=\"elementor-image-box-img\"><a href=\"https:\/\/smus-cyclo.fr\/index.php\/accueil\/les-sejours\/\" tabindex=\"-1\"><img decoding=\"async\" width=\"2560\" height=\"2560\" src=\"https:\/\/smus-cyclo.fr\/wp-content\/uploads\/2024\/05\/20190620_134139-EDIT-scaled.jpg\" class=\"attachment-full size-full wp-image-1923\" alt=\"\" srcset=\"https:\/\/smus-cyclo.fr\/wp-content\/uploads\/2024\/05\/20190620_134139-EDIT-scaled.jpg 2560w, https:\/\/smus-cyclo.fr\/wp-content\/uploads\/2024\/05\/20190620_134139-EDIT-300x300.jpg 300w, https:\/\/smus-cyclo.fr\/wp-content\/uploads\/2024\/05\/20190620_134139-EDIT-1024x1024.jpg 1024w, https:\/\/smus-cyclo.fr\/wp-content\/uploads\/2024\/05\/20190620_134139-EDIT-150x150.jpg 150w, https:\/\/smus-cyclo.fr\/wp-content\/uploads\/2024\/05\/20190620_134139-EDIT-768x768.jpg 768w, https:\/\/smus-cyclo.fr\/wp-content\/uploads\/2024\/05\/20190620_134139-EDIT-1536x1536.jpg 1536w, https:\/\/smus-cyclo.fr\/wp-content\/uploads\/2024\/05\/20190620_134139-EDIT-2048x2048.jpg 2048w, https:\/\/smus-cyclo.fr\/wp-content\/uploads\/2024\/05\/20190620_134139-EDIT-600x600.jpg 600w\" sizes=\"(max-width: 2560px) 100vw, 2560px\" \/><\/a><\/figure><div class=\"elementor-image-box-content\"><h3 class=\"elementor-image-box-title\"><a href=\"https:\/\/smus-cyclo.fr\/index.php\/accueil\/les-sejours\/\">Les s\u00e9jours v\u00e9lo<\/a><\/h3><\/div><\/div>\t\t\t\t<\/div>\n\t\t\t\t<\/div>\n\t\t\t\t<\/div>\n\t\t<div class=\"elementor-element elementor-element-631364b e-con-full e-flex e-con e-child\" data-id=\"631364b\" data-element_type=\"container\">\n\t\t\t\t<div class=\"elementor-element elementor-element-4a2faf6 elementor-widget__width-inherit elementor-position-top elementor-invisible elementor-widget elementor-widget-image-box\" data-id=\"4a2faf6\" data-element_type=\"widget\" data-settings=\"{&quot;_animation&quot;:&quot;fadeIn&quot;}\" data-widget_type=\"image-box.default\">\n\t\t\t\t<div class=\"elementor-widget-container\">\n\t\t\t\t\t<div class=\"elementor-image-box-wrapper\"><figure class=\"elementor-image-box-img\"><a href=\"https:\/\/smus-cyclo.fr\/index.php\/nous-rejoindre\/\" tabindex=\"-1\"><img loading=\"lazy\" decoding=\"async\" width=\"871\" height=\"871\" src=\"https:\/\/smus-cyclo.fr\/wp-content\/uploads\/2024\/05\/IMG-20230628-WA0013-EDIT.jpg\" class=\"attachment-full size-full wp-image-1925\" alt=\"\" srcset=\"https:\/\/smus-cyclo.fr\/wp-content\/uploads\/2024\/05\/IMG-20230628-WA0013-EDIT.jpg 871w, https:\/\/smus-cyclo.fr\/wp-content\/uploads\/2024\/05\/IMG-20230628-WA0013-EDIT-300x300.jpg 300w, https:\/\/smus-cyclo.fr\/wp-content\/uploads\/2024\/05\/IMG-20230628-WA0013-EDIT-150x150.jpg 150w, https:\/\/smus-cyclo.fr\/wp-content\/uploads\/2024\/05\/IMG-20230628-WA0013-EDIT-768x768.jpg 768w, https:\/\/smus-cyclo.fr\/wp-content\/uploads\/2024\/05\/IMG-20230628-WA0013-EDIT-600x600.jpg 600w\" sizes=\"(max-width: 871px) 100vw, 871px\" \/><\/a><\/figure><div class=\"elementor-image-box-content\"><h3 class=\"elementor-image-box-title\"><a href=\"https:\/\/smus-cyclo.fr\/index.php\/nous-rejoindre\/\">Nous rejoindre<\/a><\/h3><\/div><\/div>\t\t\t\t<\/div>\n\t\t\t\t<\/div>\n\t\t\t\t<\/div>\n\t\t<div class=\"elementor-element elementor-element-fb14c8d e-con-full e-flex e-con e-child\" data-id=\"fb14c8d\" data-element_type=\"container\" data-settings=\"{&quot;background_background&quot;:&quot;gradient&quot;}\">\n\t\t\t\t<div class=\"elementor-element elementor-element-4a5d535 elementor-widget__width-inherit elementor-position-top elementor-invisible elementor-widget elementor-widget-image-box\" data-id=\"4a5d535\" data-element_type=\"widget\" data-settings=\"{&quot;_animation&quot;:&quot;fadeIn&quot;}\" data-widget_type=\"image-box.default\">\n\t\t\t\t<div class=\"elementor-widget-container\">\n\t\t\t\t\t<div class=\"elementor-image-box-wrapper\"><figure class=\"elementor-image-box-img\"><a href=\"https:\/\/www.flickr.com\/photos\/184806716@N04\/albums\/\" tabindex=\"-1\"><img loading=\"lazy\" decoding=\"async\" width=\"351\" height=\"351\" src=\"https:\/\/smus-cyclo.fr\/wp-content\/uploads\/2024\/05\/300-04-3-O-Mosaique03-C.jpg\" class=\"attachment-full size-full wp-image-1933\" alt=\"\" srcset=\"https:\/\/smus-cyclo.fr\/wp-content\/uploads\/2024\/05\/300-04-3-O-Mosaique03-C.jpg 351w, https:\/\/smus-cyclo.fr\/wp-content\/uploads\/2024\/05\/300-04-3-O-Mosaique03-C-300x300.jpg 300w, https:\/\/smus-cyclo.fr\/wp-content\/uploads\/2024\/05\/300-04-3-O-Mosaique03-C-150x150.jpg 150w\" sizes=\"(max-width: 351px) 100vw, 351px\" \/><\/a><\/figure><div class=\"elementor-image-box-content\"><h3 class=\"elementor-image-box-title\"><a href=\"https:\/\/www.flickr.com\/photos\/184806716@N04\/albums\/\">Galerie<\/a><\/h3><\/div><\/div>\t\t\t\t<\/div>\n\t\t\t\t<\/div>\n\t\t\t\t<\/div>\n\t\t<div class=\"elementor-element elementor-element-4897983 e-con-full e-flex e-con e-child\" data-id=\"4897983\" data-element_type=\"container\">\n\t\t\t\t<div class=\"elementor-element elementor-element-3b6a3aa elementor-widget__width-inherit elementor-position-top elementor-invisible elementor-widget elementor-widget-image-box\" data-id=\"3b6a3aa\" data-element_type=\"widget\" data-settings=\"{&quot;_animation&quot;:&quot;fadeIn&quot;}\" data-widget_type=\"image-box.default\">\n\t\t\t\t<div class=\"elementor-widget-container\">\n\t\t\t\t\t<div class=\"elementor-image-box-wrapper\"><figure class=\"elementor-image-box-img\"><a href=\"https:\/\/smus-cyclo.fr\/index.php\/2025\/03\/13\/retour-sur-le-grand-bi-2025\/\" tabindex=\"-1\"><img loading=\"lazy\" decoding=\"async\" width=\"596\" height=\"596\" src=\"https:\/\/smus-cyclo.fr\/wp-content\/uploads\/2024\/05\/IMG-20240128-WA0013-C.jpg\" class=\"attachment-full size-full wp-image-1929\" alt=\"\" srcset=\"https:\/\/smus-cyclo.fr\/wp-content\/uploads\/2024\/05\/IMG-20240128-WA0013-C.jpg 596w, https:\/\/smus-cyclo.fr\/wp-content\/uploads\/2024\/05\/IMG-20240128-WA0013-C-300x300.jpg 300w, https:\/\/smus-cyclo.fr\/wp-content\/uploads\/2024\/05\/IMG-20240128-WA0013-C-150x150.jpg 150w\" sizes=\"(max-width: 596px) 100vw, 596px\" \/><\/a><\/figure><div class=\"elementor-image-box-content\"><h3 class=\"elementor-image-box-title\"><a href=\"https:\/\/smus-cyclo.fr\/index.php\/2025\/03\/13\/retour-sur-le-grand-bi-2025\/\">Le Grand Bi<\/a><\/h3><\/div><\/div>\t\t\t\t<\/div>\n\t\t\t\t<\/div>\n\t\t\t\t<\/div>\n\t\t\t\t\t<\/div>\n\t\t\t\t<\/div>\n\t\t<div class=\"elementor-element elementor-element-c76eb0e e-flex e-con-boxed e-con e-parent\" data-id=\"c76eb0e\" data-element_type=\"container\">\n\t\t\t\t\t<div class=\"e-con-inner\">\n\t\t\t\t<div class=\"elementor-element elementor-element-c63b171 elementor-widget elementor-widget-heading\" data-id=\"c63b171\" data-element_type=\"widget\" data-widget_type=\"heading.default\">\n\t\t\t\t<div class=\"elementor-widget-container\">\n\t\t\t\t\t<h2 class=\"elementor-heading-title elementor-size-default\">Le Club<\/h2>\t\t\t\t<\/div>\n\t\t\t\t<\/div>\n\t\t\t\t\t<\/div>\n\t\t\t\t<\/div>\n\t\t<div class=\"elementor-element elementor-element-4fca10e e-flex e-con-boxed e-con e-parent\" data-id=\"4fca10e\" data-element_type=\"container\">\n\t\t\t\t\t<div class=\"e-con-inner\">\n\t\t\t\t<div class=\"elementor-element elementor-element-7550b65 elementor-widget elementor-widget-text-editor\" data-id=\"7550b65\" data-element_type=\"widget\" data-widget_type=\"text-editor.default\">\n\t\t\t\t<div class=\"elementor-widget-container\">\n\t\t\t\t\t\t\t\t\t<p>La<span style=\"color: #339966;\"><strong> section cyclotourisme de l&rsquo;association Saint Maur Union Sports (SMUS)<\/strong><\/span> a \u00e9t\u00e9 fond\u00e9e le 1er janvier 1979 dans le cadre d\u2019un club omnisports, association de loi 1901.\u00a0Elle est autonome depuis le 1er janvier 1982 et est affili\u00e9e \u00e0 la F\u00e9d\u00e9ration fran\u00e7aise de cyclotourisme (FFV\u00e9lo\/FFCT). La section est subventionn\u00e9e par la ville de Saint-Maur-des-Foss\u00e9s.<\/p><h3><span style=\"color: #339966;\"><strong>Le SMUS Cyclo c&rsquo;est :<\/strong><\/span><\/h3><p>\u2013 chaque semaine des<strong> sorties \u201cclub\u201d de 70 \u00e0 110 km selon la saison<\/strong> ;<br \/>\u2013 des collectifs, s\u00e9jours sur un weekend une \u00e0 deux fois par an;<br \/>&#8211; <strong>des s\u00e9jours \u00ab\u00a0v\u00e9lo\u00a0\u00bb sur plusieurs jours<\/strong> en \u00e9toile ou en itin\u00e9rance;<br \/>\u2013 la <strong>participation aux organisations (rallyes) des clubs voisins<\/strong>;<br \/>\u2013 des<strong> sorties \u201cballades\u201d dans Paris<\/strong> en juillet et en aout d&rsquo;environ 50 km.<\/p><h3><span style=\"color: #0000ff;\"><strong>C&rsquo;est aussi chaque ann\u00e9e l&rsquo;organisation des \u00ab\u00a0Randonn\u00e9es du Grand Bi\u00a0\u00bb.<\/strong><\/span><\/h3>\t\t\t\t\t\t\t\t<\/div>\n\t\t\t\t<\/div>\n\t\t\t\t\t<\/div>\n\t\t\t\t<\/div>\n\t\t\t\t<\/div>\n\t\t","protected":false},"excerpt":{"rendered":"<p>Saint-Maur Union Sports Section Cyclotourisme Actualit\u00e9 Le programme du mois ici. Cette ann\u00e9e nous organiserons notre \u00e9v\u00e9nement, \u00ab\u00a0Les randonn\u00e9es du Grand Bi\u00a0\u00bb, le dimanche 8 mars 2026.Plus d&rsquo;infos ici. \u00a0Retour sur les randonn\u00e9es du Grand-Bi 2025\u00a0 : ici Les sorties Club Les s\u00e9jours v\u00e9lo Nous rejoindre Galerie Le Grand Bi Le Club La section cyclotourisme [&hellip;]<\/p>\n","protected":false},"author":2,"featured_media":0,"parent":0,"menu_order":0,"comment_status":"closed","ping_status":"closed","template":"","meta":{"_eb_attr":"","ocean_post_layout":"full-screen","ocean_both_sidebars_style":"","ocean_both_sidebars_content_width":0,"ocean_both_sidebars_sidebars_width":0,"ocean_sidebar":"","ocean_second_sidebar":"","ocean_disable_margins":"on","ocean_add_body_class":"","ocean_shortcode_before_top_bar":"","ocean_shortcode_after_top_bar":"","ocean_shortcode_before_header":"","ocean_shortcode_after_header":"","ocean_has_shortcode":"","ocean_shortcode_after_title":"","ocean_shortcode_before_footer_widgets":"","ocean_shortcode_after_footer_widgets":"","ocean_shortcode_before_footer_bottom":"","ocean_shortcode_after_footer_bottom":"","ocean_display_top_bar":"default","ocean_display_header":"default","ocean_header_style":"minimal","ocean_center_header_left_menu":"","ocean_custom_header_template":"","ocean_custom_logo":0,"ocean_custom_retina_logo":0,"ocean_custom_logo_max_width":0,"ocean_custom_logo_tablet_max_width":0,"ocean_custom_logo_mobile_max_width":0,"ocean_custom_logo_max_height":0,"ocean_custom_logo_tablet_max_height":0,"ocean_custom_logo_mobile_max_height":0,"ocean_header_custom_menu":"","ocean_menu_typo_font_family":"Trebuchet MS","ocean_menu_typo_font_subset":"","ocean_menu_typo_font_size":16,"ocean_menu_typo_font_size_tablet":0,"ocean_menu_typo_font_size_mobile":0,"ocean_menu_typo_font_size_unit":"px","ocean_menu_typo_font_weight":"","ocean_menu_typo_font_weight_tablet":"","ocean_menu_typo_font_weight_mobile":"","ocean_menu_typo_transform":"","ocean_menu_typo_transform_tablet":"","ocean_menu_typo_transform_mobile":"","ocean_menu_typo_line_height":0,"ocean_menu_typo_line_height_tablet":0,"ocean_menu_typo_line_height_mobile":0,"ocean_menu_typo_line_height_unit":"","ocean_menu_typo_spacing":0,"ocean_menu_typo_spacing_tablet":0,"ocean_menu_typo_spacing_mobile":0,"ocean_menu_typo_spacing_unit":"","ocean_menu_link_color":"#0000ff","ocean_menu_link_color_hover":"","ocean_menu_link_color_active":"","ocean_menu_link_background":"#ffffff","ocean_menu_link_hover_background":"","ocean_menu_link_active_background":"","ocean_menu_social_links_bg":"","ocean_menu_social_hover_links_bg":"","ocean_menu_social_links_color":"","ocean_menu_social_hover_links_color":"","ocean_disable_title":"on","ocean_disable_heading":"default","ocean_post_title":"","ocean_post_subheading":"","ocean_post_title_style":"","ocean_post_title_background_color":"","ocean_post_title_background":0,"ocean_post_title_bg_image_position":"","ocean_post_title_bg_image_attachment":"","ocean_post_title_bg_image_repeat":"","ocean_post_title_bg_image_size":"","ocean_post_title_height":0,"ocean_post_title_bg_overlay":0.5,"ocean_post_title_bg_overlay_color":"","ocean_disable_breadcrumbs":"off","ocean_breadcrumbs_color":"","ocean_breadcrumbs_separator_color":"","ocean_breadcrumbs_links_color":"","ocean_breadcrumbs_links_hover_color":"","ocean_display_footer_widgets":"default","ocean_display_footer_bottom":"default","ocean_custom_footer_template":"","iawp_total_views":1344,"footnotes":""},"class_list":["post-3753","page","type-page","status-publish","hentry","entry"],"_links":{"self":[{"href":"https:\/\/smus-cyclo.fr\/index.php\/wp-json\/wp\/v2\/pages\/3753","targetHints":{"allow":["GET"]}}],"collection":[{"href":"https:\/\/smus-cyclo.fr\/index.php\/wp-json\/wp\/v2\/pages"}],"about":[{"href":"https:\/\/smus-cyclo.fr\/index.php\/wp-json\/wp\/v2\/types\/page"}],"author":[{"embeddable":true,"href":"https:\/\/smus-cyclo.fr\/index.php\/wp-json\/wp\/v2\/users\/2"}],"replies":[{"embeddable":true,"href":"https:\/\/smus-cyclo.fr\/index.php\/wp-json\/wp\/v2\/comments?post=3753"}],"version-history":[{"count":112,"href":"https:\/\/smus-cyclo.fr\/index.php\/wp-json\/wp\/v2\/pages\/3753\/revisions"}],"predecessor-version":[{"id":4843,"href":"https:\/\/smus-cyclo.fr\/index.php\/wp-json\/wp\/v2\/pages\/3753\/revisions\/4843"}],"wp:attachment":[{"href":"https:\/\/smus-cyclo.fr\/index.php\/wp-json\/wp\/v2\/media?parent=3753"}],"curies":[{"name":"wp","href":"https:\/\/api.w.org\/{rel}","templated":true}]}}