{"id":2867,"date":"2025-02-06T20:35:26","date_gmt":"2025-02-06T19:35:26","guid":{"rendered":"https:\/\/smus-cyclo.fr\/?page_id=2867"},"modified":"2025-03-03T11:40:55","modified_gmt":"2025-03-03T10:40:55","slug":"grand-bi-2025","status":"publish","type":"page","link":"https:\/\/smus-cyclo.fr\/index.php\/grand-bi-2025\/","title":{"rendered":"Grand Bi 2025"},"content":{"rendered":"\t\t<div data-elementor-type=\"wp-page\" data-elementor-id=\"2867\" class=\"elementor elementor-2867\">\n\t\t\t\t<div class=\"elementor-element elementor-element-bc3e3f7 e-flex e-con-boxed e-con e-parent\" data-id=\"bc3e3f7\" data-element_type=\"container\">\n\t\t\t\t\t<div class=\"e-con-inner\">\n\t\t\t\t<div class=\"elementor-element elementor-element-5635d08 elementor-widget elementor-widget-image\" data-id=\"5635d08\" data-element_type=\"widget\" data-widget_type=\"image.default\">\n\t\t\t\t<div class=\"elementor-widget-container\">\n\t\t\t\t\t\t\t\t\t\t\t\t\t\t\t<img fetchpriority=\"high\" decoding=\"async\" width=\"768\" height=\"1086\" src=\"https:\/\/smus-cyclo.fr\/wp-content\/uploads\/2025\/01\/affiche-gd-bi-2025-768x1086.png\" class=\"attachment-medium_large size-medium_large wp-image-2848\" alt=\"\" srcset=\"https:\/\/smus-cyclo.fr\/wp-content\/uploads\/2025\/01\/affiche-gd-bi-2025-768x1086.png 768w, https:\/\/smus-cyclo.fr\/wp-content\/uploads\/2025\/01\/affiche-gd-bi-2025-212x300.png 212w, https:\/\/smus-cyclo.fr\/wp-content\/uploads\/2025\/01\/affiche-gd-bi-2025-724x1024.png 724w, https:\/\/smus-cyclo.fr\/wp-content\/uploads\/2025\/01\/affiche-gd-bi-2025-1086x1536.png 1086w, https:\/\/smus-cyclo.fr\/wp-content\/uploads\/2025\/01\/affiche-gd-bi-2025.png 1240w\" sizes=\"(max-width: 768px) 100vw, 768px\" \/>\t\t\t\t\t\t\t\t\t\t\t\t\t\t\t<\/div>\n\t\t\t\t<\/div>\n\t\t\t\t\t<\/div>\n\t\t\t\t<\/div>\n\t\t<div class=\"elementor-element elementor-element-bf0c823 e-flex e-con-boxed e-con e-parent\" data-id=\"bf0c823\" data-element_type=\"container\">\n\t\t\t\t\t<div class=\"e-con-inner\">\n\t\t\t\t<div class=\"elementor-element elementor-element-87935c0 elementor-widget elementor-widget-google_maps\" data-id=\"87935c0\" data-element_type=\"widget\" data-widget_type=\"google_maps.default\">\n\t\t\t\t<div class=\"elementor-widget-container\">\n\t\t\t\t\t\t\t<div class=\"elementor-custom-embed\">\n\t\t\t<iframe loading=\"lazy\"\n\t\t\t\t\tsrc=\"https:\/\/maps.google.com\/maps?q=39%20rue%20de%20paris%20sucy%20en%20brie&#038;t=m&#038;z=10&#038;output=embed&#038;iwloc=near\"\n\t\t\t\t\ttitle=\"39 rue de paris sucy en brie\"\n\t\t\t\t\taria-label=\"39 rue de paris sucy en brie\"\n\t\t\t><\/iframe>\n\t\t<\/div>\n\t\t\t\t\t\t<\/div>\n\t\t\t\t<\/div>\n\t\t\t\t\t<\/div>\n\t\t\t\t<\/div>\n\t\t<div class=\"elementor-element elementor-element-a39b84c e-flex e-con-boxed e-con e-parent\" data-id=\"a39b84c\" data-element_type=\"container\">\n\t\t\t\t\t<div class=\"e-con-inner\">\n\t\t\t\t<div class=\"elementor-element elementor-element-51b48cd elementor-widget elementor-widget-text-editor\" data-id=\"51b48cd\" data-element_type=\"widget\" data-widget_type=\"text-editor.default\">\n\t\t\t\t<div class=\"elementor-widget-container\">\n\t\t\t\t\t\t\t\t\t<p style=\"text-align: left;\" align=\"center\"><span style=\"text-decoration: underline;\"><span style=\"color: #000000;\"><span style=\"font-family: Maiandra GD, sans-serif;\"><span style=\"font-size: xx-large;\"><b>Traces<\/b><\/span><\/span><\/span><\/span><\/p><p style=\"text-align: left;\" align=\"center\"><span style=\"color: #0000ff;\"><span style=\"font-family: Maiandra GD, sans-serif;\"><span style=\"font-size: x-large;\"><b>Route<\/b><\/span><\/span><\/span><\/p><ul><li><h2><a href=\"https:\/\/www.openrunner.com\/route-details\/20667690\" target=\"_blank\" rel=\"noopener\">34 km<\/a> (<a href=\"http:\/\/smus-cyclo.fr\/wp-content\/uploads\/2025\/02\/34km_grand_bi_2025-20667690-1739440617-473.gpx\">t\u00e9l\u00e9charger la trace GPX ici<\/a>)<\/h2><\/li><li><h2><a href=\"https:\/\/www.openrunner.com\/route-details\/20667795\">63 km (<\/a><a href=\"http:\/\/smus-cyclo.fr\/wp-content\/uploads\/2025\/02\/63km_grand_bi_2025-20667795-1739440643-977.gpx\">t\u00e9l\u00e9charger la trace GPX ici<\/a><a href=\"https:\/\/www.openrunner.com\/route-details\/20667795\">)<\/a><\/h2><\/li><li><h2><a href=\"https:\/\/www.openrunner.com\/route-details\/20667778\">88 km (<\/a><a href=\"http:\/\/smus-cyclo.fr\/wp-content\/uploads\/2025\/02\/88_km_grand_bi_2025-20667778-1739440666-330.gpx\">t\u00e9l\u00e9charger la trace GPX ici<\/a><a href=\"https:\/\/www.openrunner.com\/route-details\/20667778\">)<\/a><\/h2><\/li><\/ul>\t\t\t\t\t\t\t\t<\/div>\n\t\t\t\t<\/div>\n\t\t\t\t\t<\/div>\n\t\t\t\t<\/div>\n\t\t<div class=\"elementor-element elementor-element-b7f34c7 e-flex e-con-boxed e-con e-parent\" data-id=\"b7f34c7\" data-element_type=\"container\">\n\t\t\t\t\t<div class=\"e-con-inner\">\n\t\t\t\t<div class=\"elementor-element elementor-element-ff4fd2c elementor-widget elementor-widget-text-editor\" data-id=\"ff4fd2c\" data-element_type=\"widget\" data-widget_type=\"text-editor.default\">\n\t\t\t\t<div class=\"elementor-widget-container\">\n\t\t\t\t\t\t\t\t\t<h2><span style=\"color: #0000ff;\">VTT<\/span><\/h2><ul><li><h2><a href=\"https:\/\/www.openrunner.com\/route-details\/20667690\" target=\"_blank\" rel=\"noopener\">37 km<\/a> (<a href=\"http:\/\/smus-cyclo.fr\/wp-content\/uploads\/2025\/02\/vtt_2025_grandbi-20765381-1740652022-88.gpx\">t\u00e9l\u00e9charger la trace GPX ici<\/a>)<br \/>https:\/\/www.openrunner.com\/route-details\/20765381<\/h2><\/li><\/ul>\t\t\t\t\t\t\t\t<\/div>\n\t\t\t\t<\/div>\n\t\t\t\t\t<\/div>\n\t\t\t\t<\/div>\n\t\t<div class=\"elementor-element elementor-element-45c78ab e-grid e-con-boxed e-con e-parent\" data-id=\"45c78ab\" data-element_type=\"container\">\n\t\t\t\t\t<div class=\"e-con-inner\">\n\t\t\t\t<div class=\"elementor-element elementor-element-4bbd7e8 elementor-widget elementor-widget-image\" data-id=\"4bbd7e8\" data-element_type=\"widget\" data-widget_type=\"image.default\">\n\t\t\t\t<div class=\"elementor-widget-container\">\n\t\t\t\t\t\t\t\t\t\t\t\t\t\t\t<img decoding=\"async\" width=\"768\" height=\"949\" src=\"https:\/\/smus-cyclo.fr\/wp-content\/uploads\/2025\/02\/34-km-768x949.jpg\" class=\"attachment-medium_large size-medium_large wp-image-2880\" alt=\"\" srcset=\"https:\/\/smus-cyclo.fr\/wp-content\/uploads\/2025\/02\/34-km-768x949.jpg 768w, https:\/\/smus-cyclo.fr\/wp-content\/uploads\/2025\/02\/34-km-243x300.jpg 243w, https:\/\/smus-cyclo.fr\/wp-content\/uploads\/2025\/02\/34-km-829x1024.jpg 829w, https:\/\/smus-cyclo.fr\/wp-content\/uploads\/2025\/02\/34-km-1243x1536.jpg 1243w, https:\/\/smus-cyclo.fr\/wp-content\/uploads\/2025\/02\/34-km.jpg 1275w\" sizes=\"(max-width: 768px) 100vw, 768px\" \/>\t\t\t\t\t\t\t\t\t\t\t\t\t\t\t<\/div>\n\t\t\t\t<\/div>\n\t\t\t\t<div class=\"elementor-element elementor-element-5b6e4c9 elementor-widget elementor-widget-image\" data-id=\"5b6e4c9\" data-element_type=\"widget\" data-widget_type=\"image.default\">\n\t\t\t\t<div class=\"elementor-widget-container\">\n\t\t\t\t\t\t\t\t\t\t\t\t\t\t\t<img decoding=\"async\" width=\"768\" height=\"949\" src=\"https:\/\/smus-cyclo.fr\/wp-content\/uploads\/2025\/02\/63-km-768x949.jpg\" class=\"attachment-medium_large size-medium_large wp-image-2878\" alt=\"\" srcset=\"https:\/\/smus-cyclo.fr\/wp-content\/uploads\/2025\/02\/63-km-768x949.jpg 768w, https:\/\/smus-cyclo.fr\/wp-content\/uploads\/2025\/02\/63-km-243x300.jpg 243w, https:\/\/smus-cyclo.fr\/wp-content\/uploads\/2025\/02\/63-km-829x1024.jpg 829w, https:\/\/smus-cyclo.fr\/wp-content\/uploads\/2025\/02\/63-km-1243x1536.jpg 1243w, https:\/\/smus-cyclo.fr\/wp-content\/uploads\/2025\/02\/63-km.jpg 1275w\" sizes=\"(max-width: 768px) 100vw, 768px\" \/>\t\t\t\t\t\t\t\t\t\t\t\t\t\t\t<\/div>\n\t\t\t\t<\/div>\n\t\t\t\t<div class=\"elementor-element elementor-element-4f8546f elementor-widget elementor-widget-image\" data-id=\"4f8546f\" data-element_type=\"widget\" data-widget_type=\"image.default\">\n\t\t\t\t<div class=\"elementor-widget-container\">\n\t\t\t\t\t\t\t\t\t\t\t\t\t\t\t<img loading=\"lazy\" decoding=\"async\" width=\"768\" height=\"948\" src=\"https:\/\/smus-cyclo.fr\/wp-content\/uploads\/2025\/02\/88-km-768x948.jpg\" class=\"attachment-medium_large size-medium_large wp-image-2879\" alt=\"\" srcset=\"https:\/\/smus-cyclo.fr\/wp-content\/uploads\/2025\/02\/88-km-768x948.jpg 768w, https:\/\/smus-cyclo.fr\/wp-content\/uploads\/2025\/02\/88-km-243x300.jpg 243w, https:\/\/smus-cyclo.fr\/wp-content\/uploads\/2025\/02\/88-km-830x1024.jpg 830w, https:\/\/smus-cyclo.fr\/wp-content\/uploads\/2025\/02\/88-km-1245x1536.jpg 1245w, https:\/\/smus-cyclo.fr\/wp-content\/uploads\/2025\/02\/88-km.jpg 1275w\" sizes=\"(max-width: 768px) 100vw, 768px\" \/>\t\t\t\t\t\t\t\t\t\t\t\t\t\t\t<\/div>\n\t\t\t\t<\/div>\n\t\t\t\t\t<\/div>\n\t\t\t\t<\/div>\n\t\t<div class=\"elementor-element elementor-element-ef7708b e-flex e-con-boxed e-con e-parent\" data-id=\"ef7708b\" data-element_type=\"container\">\n\t\t\t\t\t<div class=\"e-con-inner\">\n\t\t\t\t<div class=\"elementor-element elementor-element-48a7ce5 elementor-widget elementor-widget-text-editor\" data-id=\"48a7ce5\" data-element_type=\"widget\" data-widget_type=\"text-editor.default\">\n\t\t\t\t<div class=\"elementor-widget-container\">\n\t\t\t\t\t\t\t\t\t<p style=\"text-align: left; padding-left: 600px;\">VTT : <a href=\"https:\/\/www.openrunner.com\/route-details\/20765381\">Open runner 20620219<\/a><\/p>\t\t\t\t\t\t\t\t<\/div>\n\t\t\t\t<\/div>\n\t\t\t\t<div class=\"elementor-element elementor-element-2ca320d elementor-widget elementor-widget-image\" data-id=\"2ca320d\" data-element_type=\"widget\" data-widget_type=\"image.default\">\n\t\t\t\t<div class=\"elementor-widget-container\">\n\t\t\t\t\t\t\t\t\t\t\t\t<figure class=\"wp-caption\">\n\t\t\t\t\t\t\t\t\t\t<img loading=\"lazy\" decoding=\"async\" width=\"768\" height=\"593\" src=\"https:\/\/smus-cyclo.fr\/wp-content\/uploads\/2025\/02\/Capture-decran-du-2025-02-27-11-33-50-768x593.png\" class=\"attachment-medium_large size-medium_large wp-image-3025\" alt=\"\" srcset=\"https:\/\/smus-cyclo.fr\/wp-content\/uploads\/2025\/02\/Capture-decran-du-2025-02-27-11-33-50-768x593.png 768w, https:\/\/smus-cyclo.fr\/wp-content\/uploads\/2025\/02\/Capture-decran-du-2025-02-27-11-33-50-300x232.png 300w, https:\/\/smus-cyclo.fr\/wp-content\/uploads\/2025\/02\/Capture-decran-du-2025-02-27-11-33-50.png 779w\" sizes=\"(max-width: 768px) 100vw, 768px\" \/>\t\t\t\t\t\t\t\t\t\t\t<figcaption class=\"widget-image-caption wp-caption-text\"><\/figcaption>\n\t\t\t\t\t\t\t\t\t\t<\/figure>\n\t\t\t\t\t\t\t\t\t<\/div>\n\t\t\t\t<\/div>\n\t\t\t\t\t<\/div>\n\t\t\t\t<\/div>\n\t\t\t\t<\/div>\n\t\t","protected":false},"excerpt":{"rendered":"<p>Traces Route 34 km (t\u00e9l\u00e9charger la trace GPX ici) 63 km (t\u00e9l\u00e9charger la trace GPX ici) 88 km (t\u00e9l\u00e9charger la trace GPX ici) VTT 37 km (t\u00e9l\u00e9charger la trace GPX ici)https:\/\/www.openrunner.com\/route-details\/20765381 VTT : Open runner 20620219<\/p>\n","protected":false},"author":2,"featured_media":0,"parent":0,"menu_order":0,"comment_status":"closed","ping_status":"closed","template":"","meta":{"_eb_attr":"","ocean_post_layout":"","ocean_both_sidebars_style":"","ocean_both_sidebars_content_width":0,"ocean_both_sidebars_sidebars_width":0,"ocean_sidebar":"","ocean_second_sidebar":"","ocean_disable_margins":"enable","ocean_add_body_class":"","ocean_shortcode_before_top_bar":"","ocean_shortcode_after_top_bar":"","ocean_shortcode_before_header":"","ocean_shortcode_after_header":"","ocean_has_shortcode":"","ocean_shortcode_after_title":"","ocean_shortcode_before_footer_widgets":"","ocean_shortcode_after_footer_widgets":"","ocean_shortcode_before_footer_bottom":"","ocean_shortcode_after_footer_bottom":"","ocean_display_top_bar":"default","ocean_display_header":"default","ocean_header_style":"","ocean_center_header_left_menu":"","ocean_custom_header_template":"","ocean_custom_logo":0,"ocean_custom_retina_logo":0,"ocean_custom_logo_max_width":0,"ocean_custom_logo_tablet_max_width":0,"ocean_custom_logo_mobile_max_width":0,"ocean_custom_logo_max_height":0,"ocean_custom_logo_tablet_max_height":0,"ocean_custom_logo_mobile_max_height":0,"ocean_header_custom_menu":"","ocean_menu_typo_font_family":"","ocean_menu_typo_font_subset":"","ocean_menu_typo_font_size":0,"ocean_menu_typo_font_size_tablet":0,"ocean_menu_typo_font_size_mobile":0,"ocean_menu_typo_font_size_unit":"px","ocean_menu_typo_font_weight":"","ocean_menu_typo_font_weight_tablet":"","ocean_menu_typo_font_weight_mobile":"","ocean_menu_typo_transform":"","ocean_menu_typo_transform_tablet":"","ocean_menu_typo_transform_mobile":"","ocean_menu_typo_line_height":0,"ocean_menu_typo_line_height_tablet":0,"ocean_menu_typo_line_height_mobile":0,"ocean_menu_typo_line_height_unit":"","ocean_menu_typo_spacing":0,"ocean_menu_typo_spacing_tablet":0,"ocean_menu_typo_spacing_mobile":0,"ocean_menu_typo_spacing_unit":"","ocean_menu_link_color":"","ocean_menu_link_color_hover":"","ocean_menu_link_color_active":"","ocean_menu_link_background":"","ocean_menu_link_hover_background":"","ocean_menu_link_active_background":"","ocean_menu_social_links_bg":"","ocean_menu_social_hover_links_bg":"","ocean_menu_social_links_color":"","ocean_menu_social_hover_links_color":"","ocean_disable_title":"default","ocean_disable_heading":"default","ocean_post_title":"","ocean_post_subheading":"","ocean_post_title_style":"","ocean_post_title_background_color":"","ocean_post_title_background":0,"ocean_post_title_bg_image_position":"","ocean_post_title_bg_image_attachment":"","ocean_post_title_bg_image_repeat":"","ocean_post_title_bg_image_size":"","ocean_post_title_height":0,"ocean_post_title_bg_overlay":0.5,"ocean_post_title_bg_overlay_color":"","ocean_disable_breadcrumbs":"default","ocean_breadcrumbs_color":"","ocean_breadcrumbs_separator_color":"","ocean_breadcrumbs_links_color":"","ocean_breadcrumbs_links_hover_color":"","ocean_display_footer_widgets":"default","ocean_display_footer_bottom":"default","ocean_custom_footer_template":"","iawp_total_views":10,"footnotes":""},"class_list":["post-2867","page","type-page","status-publish","hentry","entry"],"_links":{"self":[{"href":"https:\/\/smus-cyclo.fr\/index.php\/wp-json\/wp\/v2\/pages\/2867","targetHints":{"allow":["GET"]}}],"collection":[{"href":"https:\/\/smus-cyclo.fr\/index.php\/wp-json\/wp\/v2\/pages"}],"about":[{"href":"https:\/\/smus-cyclo.fr\/index.php\/wp-json\/wp\/v2\/types\/page"}],"author":[{"embeddable":true,"href":"https:\/\/smus-cyclo.fr\/index.php\/wp-json\/wp\/v2\/users\/2"}],"replies":[{"embeddable":true,"href":"https:\/\/smus-cyclo.fr\/index.php\/wp-json\/wp\/v2\/comments?post=2867"}],"version-history":[{"count":74,"href":"https:\/\/smus-cyclo.fr\/index.php\/wp-json\/wp\/v2\/pages\/2867\/revisions"}],"predecessor-version":[{"id":4494,"href":"https:\/\/smus-cyclo.fr\/index.php\/wp-json\/wp\/v2\/pages\/2867\/revisions\/4494"}],"wp:attachment":[{"href":"https:\/\/smus-cyclo.fr\/index.php\/wp-json\/wp\/v2\/media?parent=2867"}],"curies":[{"name":"wp","href":"https:\/\/api.w.org\/{rel}","templated":true}]}}